53a36
335410240 (base 6) to base 11
3517448
Convert -1558153 (base 9) to base 7.
-10233120
-173124 (base 11) to base 3
-111121012000
Convert 10f4d (base 16) to base 7.
406326
What is -1002230023 (base 4) in base 10?
-273163
What is -7271843 (base 11) in base 16?
-c3bcd6
5365b (base 13) to base 14
3cbb0
What is 1eb84c (base 15) in base 8?
5577462
What is -7412147 (base 8) in base 2?
-111100001010001100111
What is 22540121 (base 6) in base 14?
14218d
Convert 3012 (base 10) to base 8.
5704
What is -164680 (base 10) in base 6?
-3310224
2432224 (base 5) to base 10
45939
Convert 216a818 (base 12) to base 8.
30215024
What is 32534275 (base 8) in base 12?
2413625
What is 579490 (base 10) in base 5?
122020430
Convert -167115 (base 9) to base 6.
-2115405
What is -1044210420 (base 5) in base 13?
-639b2b
Convert 20102241 (base 5) to base 13.
578c4
-2b2a8 (base 12) to base 13
-21944
Convert -bb3c6 (base 14) to base 10.
-453522
-3012022033 (base 4) to base 3
-1112020101121
Convert 657b77 (base 12) to base 16.
1892cb
What is 53651653 (base 8) in base 12?
3a21523
Convert 6746163 (base 8) to base 4.
12330301303
154456622 (base 7) to base 4
213303202121
Convert 214357a (base 11) to base 16.
397c7e
22012202012 (base 3) to base 16
27776
Convert 10923536 (base 10) to base 11.
6191018
Convert -c5530 (base 13) to base 6.
-11333401
What is 2420013 (base 11) in base 2?
10000000101011100101110
1223 (base 13) to base 11
1a21
Convert 361073 (base 8) to base 4.
132020323
Convert 100002012221 (base 3) to base 9.
302187
Convert -20101212210100 (base 3) to base 12.
-1181283
What is -111011000010111110110 (base 2) in base 15?
-283443
What is -56057 (base 10) in base 15?
-11922
What is 1143053 (base 7) in base 11?
9a044
What is 13b3815 (base 12) in base 9?
7415538
32230003 (base 4) to base 3
10001112021
What is -10110110011011001 (base 2) in base 13?
-33689
What is -18959 (base 15) in base 7?
-451314
Convert -355200 (base 7) to base 16.
-faef
Convert 1f595 (base 16) to base 3.
20112010202
-a3859b (base 12) to base 7
-30542456
Convert 452472 (base 9) to base 12.
1108a8
Convert 1100002112120 (base 3) to base 16.
ad727
Convert 12560824 (base 9) to base 4.
113211010030
What is -4324440 (base 6) in base 3?
-101211222020
-12422341 (base 6) to base 12
-1779b1
-3253422 (base 6) to base 3
-22021022212
What is -b63b10 (base 12) in base 16?
-2bc47c
Convert -25812 (base 13) to base 6.
-1253350
7258504 (base 9) to base 8
16624557
Convert -4cd5b (base 14) to base 16.
-2e325
Convert 10011110101011111011101 (base 2) to base 8.
23653735
Convert ab8524 (base 12) to base 5.
1144342423
What is 14224016 (base 7) in base 3?
2111202211012
-1066080 (base 9) to base 10
-575253
What is -16189 (base 11) in base 2?
-101100100111101
What is 14109b (base 12) in base 16?
51737
Convert -112201200200 (base 3) to base 16.
-46c7d
What is -79900 (base 11) in base 4?
-130031203
-1125c (base 14) to base 16
-a2a2
Convert 12112223212 (base 4) to base 7.
20105314
Convert -ab0231 (base 16) to base 11.
-636516a
What is -5c0295 (base 14) in base 16?
-30132b
-201102002220 (base 3) to base 5
-44211244
10100110000010100011110 (base 2) to base 5
2343101143
What is 6127 (base 13) in base 2?
11010001001000
-234153413 (base 6) to base 11
-2536366
-25270537 (base 8) to base 15
-759208
Convert -8da5 (base 14) to base 3.
-1020210210
What is -2021010210 (base 3) in base 8?
-127033
What is -db6761 (base 15) in base 6?
-1011554414
What is -2618ac (base 13) in base 6?
-31400203
-77a545 (base 14) to base 10
-4062161
8688 (base 14) to base 15
6d4d
What is -6553324 (base 7) in base 15?
-10ce6d
What is 1b15d (base 16) in base 7?
641305
Convert 79b829 (base 14) to base 9.
7713146
Convert 4b4ac (base 16) to base 2.
1001011010010101100
Convert 1a97635 (base 11) to base 14.
67a329
What is -12b432 (base 13) in base 14?
-bb2a7
-2100031001 (base 4) to base 9
-1100205
What is -135969 (base 12) in base 5?
-40233212
-8dacd6 (base 14) to base 12
-1750350
What is -87c24 (base 13) in base 5?
-30332200
Convert 20842 (base 12) to base 10.
42674
What is -2938c (base 16) in base 12?
-81864
-111011221202 (base 3) to base 9
-434852
What is 2012001021221 (base 3) in base 2?
100011011110000000000
Convert 91900 (base 13) to base 3.
111020201001
What is -4714a (base 15) in base 10?
-226420
-1201113032 (base 5) to base 7
-32260366
Convert 3335432 (base 6) to base 2.
101001000111101100
What is -11002113022 (base 4) in base 11?
-822039
What is -3bcaea (base 15) in base 11?
-1696297
266624 (base 12) to base 4
2122213330
What is 24105067 (base 9) in base 11?
66a9330
What is 4c3ae1 (base 16) in base 13?
105bc00
-416371 (base 8) to base 6
-2545053
-2450736 (base 9) to base 4
-11011110003
Convert 22b8b40 (base 12) to base 3.
110122001202110
What is -12004070 (base 8) in base 2?
-1010000000100000111000
Convert -577900 (base 11) to base 3.
-1201122110111
Convert -2214044311 (base 5) to base 9.
-10073146
Convert 521302 (base 10) to base 8.
1772126
Convert 483505 (base 9) to base 8.
1070721
What is 6052664 (base 7) in base 10?
718925
Convert -23402 (base 13) to base 15.
-1412b
65426503 (base 7) to base 14
a5c303
Convert -100111100110001011 (base 2) to base 14.
-4316b
-1505494 (base 10) to base 15
-1eb114
What is -17500d (base 14) in base 10?
-820469
-9103b (base 15) to base 8
-1600460
-10d8a2 (base 16) to base 14
-20a4b8
Convert -10110110010010011011100 (base 2) to base 11.
-340a843
-c10a8 (base 14) to base 7
-3641301
What is 17465 (base 13) in base 2?
1010111010011011
What is 88265a (base 12) in base 13?
5a8779
Convert -446151 (base 9) to base 13.
-9466c
What is -120200020 (base 3) in base 6?
-124523
What is -10331257 (base 8) in base 15?
-2d953b
3126060 (base 10) to base 11
1845723
What is 110001000111010101100 (base 2) in base 9?
3022588
Convert 2630176 (base 10) to base 6.
132212424
-1c4cb (base 13) to base 15
-117cd
2102002000101 (base 3) to base 9
2362011
What is -10001211122 (base 3) in base 4?
-32233211
Convert 222125531 (base 6) to base 9.
7512871
What is 6241140 (base 7) in base 9?
1362143
Convert -316179 (base 10) to base 4.
-1031030103
Convert 100010100101100111000011 (base 2) to base 4.
202211213003
1122112210202 (base 3) to base 8
3260455
Convert -10220122021 (base 4) to base 13.
-3367c6
-6854135 (base 10) to base 13
-155ca02
What is -46745 (base 11) in base 14?
-1a818
Convert -10201011122 (base 3) to base 9.
-121148
Convert 3322233230 (base 4) to base 10.
1027052
-37403 (base 11) to base 2
-1101000111011111
What is -1203223 (base 5) in base 13?
-a205
Convert 661201 (base 9) to base 14.
a3b04
What is 133112231 (base 4) in base 16?
1f5ad
1010001010001110 (base 2) to base 9
63067
Convert -12023200200 (base 4) to base 8.
-6134040
Convert -1207662 (base 8) to base 2.
-1010000111110110010
107414 (base 10) to base 12
521b2
What is 13213233323 (base 4) in base 9?
3674438
-12400443 (base 5) to base 10
-121998
What is 6893 (base 16) in base 3?
1100201112
-345233 (base 6) to base 13
-10686
-90b03c (base 15) to base 2
-11010001101101000000101
What is -21122212001 (base 3) in base 5?
-14311141
What is 750844 (base 10) in base 12?
302624
What is 100122220221012 (base 3) in base 5?
2303321011
156206 (base 7) to base 15
929e
-34124240 (base 5) to base 11
-196842
What is b14d3 (base 14) in base 12?
186841
141032 (base 8) to base 16
c21a
423235441 (base 6) to base 12
25a8b81
What is 1330113 (base 5) in base 10?
26908
Convert bc473 (base 13) to base 11.
213478
-9903 (base 13) to base 8
-51461
Convert 100010011001001010000 (base 2) to base 15.
173dcc
14420124311 (base 5) to base 2
1001001101000010111000111
What is -231327 (base 9) in base 13?
-4b223
-7dab9d (base 15) to base 10
-6010123
-8b8ba9 (base 12) to base 2
-1000100001011110110001
Convert 1840125 (base 9) to base 11.
643a99
10134660 (base 7) to base 13
23972a
-3030442 (base 5) to base 10
-48872
What is -12111100002 (base 3) in base 10?
-108137
-110410230 (base 5) to base 16
-75a94
What is 1031102 (base 6) in base 16?
c66e
What is 1a7789 (base 14) in base 2?
11100110001001011101
What is 115645301 (base 7) in base 2?
11011110011100001000010
What is 1529713 (base 10) in base 6?
52442001
Convert -201001211 (base 4) to base 14.
-37421
-11033441 (base 5) to base 8
-273571
What is 100000011110101100011 (base 2) in base 14